{"id":9839,"date":"2025-03-01T14:01:14","date_gmt":"2025-03-01T19:01:14","guid":{"rendered":"https:\/\/dhss.delaware.gov\/dph\/hhlppparents-2\/"},"modified":"2025-03-06T12:30:19","modified_gmt":"2025-03-06T17:30:19","slug":"hhlppparents","status":"publish","type":"page","link":"https:\/\/dhss.delaware.gov\/dph\/hsp\/hhlppparents\/","title":{"rendered":"hsp\/hhlppparents ~  Healthy Homes and Lead Poisoning Prevention  &#8211; Delaware Health and Social Services &#8211; State of Delaware"},"content":{"rendered":"<div data-swiftype-index=\"true\">\r\n\r\n\r\n\r\n\r\n\r\n  <br>\r\n\r\n\r\n  \r\n\r\n\r\n\r\n\r\n\r\n  \r\n\r\n\r\n  <div class=\"container\" id=\"main_header\">\r\n\r\n\r\n    \r\n\r\n\r\n\r\n\r\n\r\n <!-- BEGIN readspeaker div -->\r\n\r\n\r\n    <div class=\"rs_skip rsbtn rs_preserve\" id=\"readspeaker_button1\">\r\n\r\n\r\n      <a accesskey=\"L\" class=\"rsbtn_play\" href=\"https:\/\/app-na.readspeaker.com\/cgi-bin\/rsent?customerid=7262&#038;lang=en_us&#038;readid=main_content&#038;url=https:\/\/dhss.delaware.gov\/dph\/hsp\/hhlppparents.html\" title=\"Listen to this page using ReadSpeaker\">\r\n\r\n\r\n        <span class=\"rsbtn_left rsimg rspart\"><span class=\"rsbtn_text\"><span>Listen<\/span><\/span><\/span>\r\n\r\n\r\n        <span class=\"rsbtn_right rsimg rsplay rspart\"><\/span>\r\n\r\n\r\n      <\/a>\r\n\r\n\r\n    <\/div>\r\n\r\n\r\n    <!-- END readspeaker div -->\r\n\r\n\r\n\r\n\r\n\r\n\r\n\r\n\r\n    \r\n\r\n\r\n    <header class=\"pull-left\">\r\n\r\n\r\n      <h1><!--[type=EDIT name=\"Page Title\"]-->Lead Information &#8211; Parents and Caregivers<!--[END]--><\/h1>\r\n\r\n\r\n    <\/header>\r\n\r\n\r\n    \r\n\r\n\r\n  <\/div><br>\r\n\r\n\r\n \r\n\r\n\r\n  <div class=\"container\">\r\n\r\n\r\n    <div class=\"row\">\r\n\r\n\r\n      <div class=\"col-md-3\" id=\"leftCol\">\r\n\r\n\r\n        <div class=\"panel-group\" id=\"accordion\">\r\n\r\n\r\n          <div class=\"panel sectionmenu_panel\">\r\n\r\n\r\n            <div class=\"panel-heading\">\r\n\r\n\r\n              <p class=\"panel-title\"><a class=\"agency_nav\" data-parent=\"#accordion\" data-toggle=\"collapse\" href=\"#collapseOne\"><strong><i class=\"fa fa-align-justify fa-fw\"><\/i> Public Health Menu<\/strong><\/a><\/p>\r\n\r\n\r\n            <\/div>\r\n\r\n\r\n\r\n\r\n\r\n            <div class=\"panel-collapse collapse in\" id=\"collapseOne\">\r\n\r\n\r\n              <div class=\"panel-body\" id=\"clf_nav\">\r\n\r\n\r\n                  <ul class=\"nav nav-stacked nav-pills-clf\" id=\"agency_sidebar\">\r\n    <li><a href=\"\/dph\/\"><h2>Home <i class=\"fa fa-home fa-fw\"><\/i><\/h2><\/a><\/li>\r\n    <li class=\"toplevel\"><a data-parent=\"#agency_sidebar\" data-toggle=\"collapse\" href=\"#HomeMenu\"><h2>About <i class=\"fa fa-caret-right fa-fw\"><\/i><\/h2><\/a>\r\n      <ul class=\"panel-collapse collapse\" id=\"HomeMenu\">\r\n        <li><a href=\"\/dph\/about.html\">About DPH<\/a><\/li>\r\n        <li><a href=\"\/dph\/sections.html\">Sections &#038; Programs<\/a><\/li>\r\n        <li><a href=\"\/dph\/ofclocations.html\">Office Locations<\/a><\/li>\r\n        <li><a href=\"\/dph\/contact.html\">Contact Info<\/a><\/li>\r\n      \r\n        <li><a href=\"\/calendars.html\" target=\"_blank\">Calendar<\/a><\/li>\r\n      <\/ul>\r\n    <\/li>\r\n    <li class=\"toplevel\"><a data-parent=\"#sidebar\" data-toggle=\"collapse\" href=\"#ServicesMenu\"><h2>Services <i class=\"fa fa-caret-right fa-fw\"><\/i><\/h2><\/a>\r\n      <ul class=\"panel-collapse collapse\" id=\"ServicesMenu\">\r\n        <li><a href=\"\/dph\/servicesaz.html\">A-Z Services<\/a><\/li>\r\n        <li><a href=\"\/dph\/hsp\/environmental.html\">Air &#038; Water Quality<\/a><\/li>\r\n        <li><a href=\"\/dph\/ss\/vitalstats.html\">Birth, Death, &#038; Marriage Records<\/a><\/li>\r\n        <li><a href=\"\/dph\/clinics.html\">Clinics<\/a><\/li>\r\n        <li><a href=\"\/dph\/healthdatastats.html\">Health Data &#038; Statistics<\/a><\/li>\r\n        <li><a href=\"\/dph\/php\/emsps.html\">Emergency Preparedness<\/a><\/li>\r\n        <li><a href=\"\/dph\/healthandwellness.html\">Health &#038; Wellness<\/a><\/li>\r\n        <li><a href=\"\/dph\/hsp\/healthyhomes.html\">Healthy Homes<\/a><\/li>\r\n        <li><a href=\"\/dph\/hsp\/healthywp.html\">Healthy Workplaces<\/a><\/li>\r\n        <li><a href=\"\/dph\/lab\/labs.html\">Laboratory<\/a><\/li>\r\n        <li><a href=\"\/dph\/hsp\/feir.html\">Restaurant Inspections<\/a><\/li>\r\n        <li><a href=\"\/dph\/screen.html\">Screening and Testing<\/a><\/li>\r\n        <li><a href=\"\/dph\/chca\/dphwichominf01.html\">WIC<\/a><\/li>\r\n        <li><a href=\"\/dph\/servicesadd.html\">Additional Services<\/a><\/li><li>\r\n      <\/li><\/ul>\r\n    <\/li>\r\n    <li class=\"toplevel\"><a data-parent=\"#sidebar\" data-toggle=\"collapse\" href=\"#InformationMenu\"><h2>Information <i class=\"fa fa-caret-right fa-fw\"><\/i><\/h2><\/a>\r\n        <ul class=\"panel-collapse collapse\" id=\"InformationMenu\">\r\n        <li><a href=\"\/dph\/factsheetsaz.html\">A-Z Fact Sheets<\/a><\/li>\r\n        <li><a href=\"\/dph\/pubreportsaz.html\">A-Z Publications &#038; Reports<\/a><\/li>\r\n        <li><a href=\"\/dph\/diseasesandconditions.html\">Diseases &#038; Conditions<\/a><\/li>\r\n        <li><a href=\"\/dph\/faq.html\">FAQ&#8217;s<\/a><\/li>\r\n        <li><a href=\"\/dph\/php\/alerts.html\">Health Alerts<\/a><\/li>\r\n        <li><a href=\"\/dph\/healthylifestyles.html\">Healthy Lifestyles<\/a><\/li>\r\n        <li><a href=\"\/dph\/hipaa.html\">HIPAA<\/a><\/li>\r\n        <li><a href=\"\/dph\/regs.html\">Regulations<\/a><\/li>\r\n        <li><a href=\"\/dph\/forms.html\">Request Forms<\/a><\/li>\r\n        <li><a href=\"\/dph\/links.html\">Links &#038; Resources<\/a><\/li>\r\n        <li><a href=\"http:\/\/delaware.gov\/help\/foia_request.shtml\">FOIA Request Form<\/a><\/li>\r\n      <\/ul>\r\n    <\/li>\r\n    <li><a id=\"SocialMenuHeader\"><h2>Connect <i class=\"fa fa-thumbs-o-up fa-fw\"><\/i><\/h2><\/a>\r\n      <ul id=\"SocialMenu\">\r\n        <li class=\"facebook\"><a href=\"https:\/\/www.facebook.com\/DEPublicHealth\" target=\"_blank\" title=\"Division of Public Health Facebook Page\"><i class=\"fa fa-facebook-square fa-lg\"><\/i> Facebook<\/a><\/li>\r\n        <li class=\"twitter\"><a href=\"https:\/\/twitter.com\/Delaware_DHSS\" target=\"_blank\" title=\"Delaware Health and Social Services Twitter Account\"><i class=\"fa fa-twitter-square fa-lg\"><\/i> Twitter<\/a><\/li>\r\n        <!-- <li class=\"googleplus\"><a href=\"#\"><i class=\"fa fa-google-plus-square fa-lg\"><\/i> Google +<\/a><\/li>\r\n        <li class=\"flickr\"><a href=\"#\"><i class=\"fa fa-flickr fa-lg\"><\/i> Flickr<\/a><\/li>\r\n        <li class=\"youtube\"><a href=\"#\"><i class=\"fa fa-youtube-square fa-lg\"><\/i> Youtube<\/a><\/li>\r\n        <li class=\"instagram\"><a href=\"#\"><i class=\"fa fa-instagram fa-lg\"><\/i> Instagram<\/a><\/li>\r\n        <li class=\"linkedin\"><a href=\"#\"><i class=\"fa fa-linkedin-square fa-lg\"><\/i> Linkedin<\/a><\/li>\r\n        <li class=\"pinterest\"><a href=\"#\"><i class=\"fa fa-pinterest-square fa-lg\"><\/i> Pinterest<\/a><\/li> -->\r\n      <\/ul>\r\n    <\/li>\r\n  <\/ul>\r\n\r\n\r\n              <\/div>\r\n\r\n\r\n            <\/div>\r\n\r\n\r\n          <\/div>\r\n\r\n\r\n        <\/div><br>\r\n\r\n\r\n      <\/div>\r\n\r\n\r\n\r\n\r\n\r\n      <div class=\"col-md-9\" id=\"main_content\"> \r\n\r\n\r\n  <!--[type=HTMLEDIT name=\"Content\"]-->\r\n\r\n\r\n\r\n\r\n\r\n\r\n\r\n\r\n\r\n<table class=\"table table-condensed table-border table-hover\">\r\n\r\n\r\n\r\n\r\n\r\n <tbody>\r\n\r\n\r\n\r\n\r\n\r\n  <tr class=\"text-center\">\r\n\r\n\r\n\r\n\r\n\r\n   <td class=\"text-left\"><br>\r\n\r\n\r\n\r\n\r\n\r\n   <img decoding=\"async\" alt=\"This is Lead information for Parents and Caregivers\" class=\"pull-left img-thumbnail img-responsive\" src=\"\/wp-content\/uploads\/sites\/10\/dph\/img\/hhlppparents.jpg\" title=\"Lead information for Parents and Caregivers\">\r\n\r\n\r\n\r\n\r\n\r\n   <p>The mission of the Office of Lead Poisoning Prevention (OLPP) is to protect the health of Delawareans by preventing childhood lead poisoning and promoting health among children (0 \u2013 6 years of age) through education, safe environments, screening and early intervention.<\/p>\r\n\r\n\r\n\r\n\r\n\r\n\r\n\r\n\r\n\r\n<br\/>\r\n\r\n   <ul>\r\n\r\n\r\n\r\n\r\n\r\n    <li><a href=\"\/main\/maps\/other\/cooperbd.htm\" title=\"Office Location\">Office Location<\/a><\/li>\r\n\r\n\r\n\r\n\r\n\r\n    <li><a class=\"anchors_link\" href=\"\/dph\/contact.html#lead\">Contact the Office of Lead Poisoning Prevention<\/a><\/li>\r\n\r\n\r\n\r\n\r\n\r\n    <li><a href=\"\/dph\/hsp\/hsp.html\">Health Systems Protection Home Page<\/a><\/li>\r\n\r\n\r\n\r\n\r\n\r\n   <\/ul>\r\n\r\n\r\n\r\n\r\n\r\n   \u00a0\r\n\r\n\r\n\r\n\r\n\r\n\r\n\r\n\r\n\r\n\r\n\r\n   <h2>General Information<\/h2>\r\n\r\n\r\n\r\n\r\n\r\n\r\n\r\n\r\n\r\n\r\n\r\n   <ul>\r\n\r\n\r\n\r\n\r\n\r\n    <li><a href=\"http:\/\/www.epa.gov\/fedrgstr\/EPA-TOX\/1996\/March\/Day-06\/pr-24120.pdf\">US Environmental Protection Agency (EPA) Lead-Based Paint Disclosure Rule &#8211;<\/a> The Lead-Based Paint Disclosure Rule was established to protect families from exposure to lead from paint, dust and soil. The rule requires the disclosure of known information on lead-based paint and lead-based paint hazards before the sale or lease of most housing built prior to 1978. Sellers, landlords and their agents are responsible for providing this information to the buyer or renter before sale or lease.<\/li>\r\n\r\n\r\n\r\n\r\n\r\n   <\/ul>\r\n\r\n\r\n\r\n\r\n\r\n\r\n\r\n\r\n\r\n\r\n\r\n   <p>For more information, please contact the <a class=\"anchors_link\" href=\"\/dph\/contact.html#lead\">Office of Lead Poisoning Prevention<\/a>.<\/p>\r\n\r\n\r\n\r\n\r\n\r\n   <p class=\"smalltext\"><a href=\"http:\/\/www.adobe.com\/products\/acrobat\/readstep2.html\"><img loading=\"lazy\" decoding=\"async\" alt=\"Download Adobe Acrobat Reader\" height=\"21\" src=\"\/wp-content\/uploads\/dhss\/img\/getacro60.gif\" width=\"60\"><\/a> Please note: Some of the files available on this page are in Adobe PDF format which requires Adobe Acrobat Reader.  A free copy of Adobe Acrobat Reader can be downloaded directly from <a href=\"http:\/\/www.adobe.com\/products\/acrobat\/readstep2.html\">Adobe <\/a>. If you are using an assistive technology unable to read Adobe PDF, please either view the corresponding text only version (if available) or visit Adobe&#8217;s <a href=\"http:\/\/access.adobe.com\">Accessibility Tools page<\/a>.<\/p>\r\n<\/td>\r\n\r\n\r\n\r\n\r\n\r\n   <td class=\"bgcolor5\"><br>\r\n\r\n\r\n\r\n\r\n\r\n   <br>\r\n\r\n\r\n\r\n\r\n\r\n   Resources for More Information<br>\r\n\r\n\r\n\r\n\r\n\r\n   <br>\r\n\r\n\r\n\r\n\r\n\r\n   <noscript>\r\n\r\n\r\n\r\n\r\n\r\n      <p class=\"text-center\">\r\n\r\n\r\n\r\n\r\n\r\n        <iframe loading=\"lazy\" height=\"160\" id=\"rssframe\" marginheight=\"0\" marginwidth=\"0\" scrolling=\"no\" src=\"http:\/\/www.cpsc.gov\/cgi-bin\/javascripts\/childrss.js\" style=\"border:none\" title=\"CPSC's Child-Related RecallRSS feed and child subscription widget\" width=\"198\">Product Safety Recall Info<\/iframe>\r\n\r\n\r\n\r\n\r\n\r\n      <\/p><\/noscript> <img decoding=\"async\" alt=\"This is the Renovate Right Pamphlet\" class=\"img-thumbnail img-responsive\" src=\"\/wp-content\/uploads\/sites\/10\/dph\/img\/hhlpprenright.jpg\" title=\"Renovate Right Pamphlet\"><br>\r\n\r\n\r\n\r\n\r\n\r\n   <strong>Renovate Right Pamphlet<\/strong><br>\r\n\r\n\r\n\r\n\r\n\r\n   <br>\r\n\r\n\r\n\r\n\r\n\r\n   <a href=\"https:\/\/www.epa.gov\/sites\/production\/files\/2020-09\/documents\/renovaterightbrochurecolor.pdf\">English<\/a><br>\r\n\r\n\r\n\r\n\r\n\r\n   &#8212;&#8211;<br>\r\n\r\n\r\n\r\n\r\n\r\n   <br>\r\n\r\n\r\n\r\n\r\n\r\n   <a href=\"https:\/\/www.epa.gov\/sites\/production\/files\/2020-09\/documents\/renovaterightbrochure-esp-bw-booklet.pdf\">Spanish<\/a><br>\r\n\r\n\r\n\r\n\r\n\r\n   __________<br>\r\n\r\n\r\n\r\n\r\n\r\n   <br>\r\n\r\n\r\n\r\n\r\n\r\n   <strong><a href=\"\/wp-content\/uploads\/sites\/10\/dph\/pdf\/LeadCertifiedContractors.pdf\">Find a Lead Certified Contractor<\/a><br>\r\n\r\n\r\n\r\n\r\n\r\n   __________<br>\r\n\r\n\r\n\r\n\r\n\r\n   <br>\r\n\r\n\r\n\r\n\r\n\r\n   <a href=\"\/wp-content\/uploads\/sites\/10\/dph\/pdf\/rrptip.pdf\">Submit a Tip or Complaint<\/a><\/strong><br>\r\n\r\n\r\n\r\n\r\n\r\n   __________<br>\r\n\r\n\r\n\r\n\r\n\r\n   <br>\r\n\r\n\r\n\r\n\r\n\r\n   <a href=\"\/dph\/chs\/chsleadtesting.html\">Community Health Services Lead Testing Page<\/a><br>\r\n\r\n\r\n\r\n\r\n\r\n   __________<br>\r\n\r\n\r\n\r\n\r\n\r\n   <br>\r\n\r\n\r\n\r\n\r\n\r\n   <a href=\"\/wp-content\/uploads\/sites\/10\/dph\/pdf\/ProceduresEBLLChild.pdf\">Elevated Blood Lead level Procedure<\/a><br>\r\n\r\n\r\n\r\n\r\n\r\n   __________<br>\r\n\r\n\r\n\r\n\r\n\r\n                        <br>\r\n\r\n\r\n\r\n\r\n\r\n   <a href=\"http:\/\/www.epa.gov\/lead\/\">EPA Lead Awareness Program<\/a><br>\r\n\r\n\r\n\r\n\r\n\r\n   __________<br>\r\n\r\n\r\n\r\n\r\n\r\n   <br>\r\n\r\n\r\n\r\n\r\n\r\n   <a href=\"http:\/\/www.hud.gov\/offices\/lead\/\">HUD Office\u00a0of Healthy Homes &#038; Lead Hazard Control<\/a><br>\r\n\r\n\r\n\r\n\r\n\r\n   __________<br>\r\n\r\n\r\n\r\n\r\n\r\n   <br>\r\n\r\n\r\n\r\n\r\n\r\n   <a href=\"http:\/\/www.centerforhealthyhousing.org\/\">National Center for Healthy Housing<\/a><br>\r\n\r\n\r\n\r\n\r\n\r\n   __________<br>\r\n\r\n\r\n\r\n\r\n\r\n   <br>\r\n\r\n\r\n\r\n\r\n\r\n   <a href=\"http:\/\/www2.epa.gov\/lead\/protect-your-family-lead-your-home-real-estate-disclosure\">Protect Your Family From Lead In Your Home<\/a><br>\r\n\r\n\r\n\r\n\r\n\r\n   [ <a href=\"http:\/\/www2.epa.gov\/lead\/protect-your-family-lead-your-home-real-estate-disclosure\">Spanish Version &#8211; Proteja a Su Familia del Plomo Que Est\u00e1 en Su Hogar<\/a><br>\r\n\r\n\r\n\r\n\r\n\r\n   __________<br>\r\n\r\n\r\n\r\n\r\n\r\n   <br>\r\n\r\n\r\n\r\n\r\n\r\n   <a href=\"http:\/\/www.epa.gov\/lead\/pubs\/rrpamph.pdf\">Reducing Lead Hazards When Remodeling Your Home<\/a><br>\r\n\r\n\r\n\r\n\r\n\r\n   [ <a href=\"http:\/\/www.epa.gov\/lead\/pubs\/span_web_secure.pdf\">Spanish Version &#8211; Reduciendo los Peligros del Plomo al Remodelar su Casa<\/a> ]<br>\r\n\r\n\r\n\r\n\r\n\r\n   __________<br>\r\n\r\n\r\n\r\n\r\n\r\n   <br>\r\n\r\n\r\n\r\n\r\n\r\n   <a href=\"http:\/\/www.epa.gov\/lead\/pubs\/renovaterightbrochure.pdf\">Protect Your Family From Lead During Renovation, Repair and Painting<\/a><br>\r\n\r\n\r\n\r\n\r\n\r\n   __________<br>\r\n\r\n\r\n\r\n\r\n\r\n   <br>\r\n\r\n\r\n\r\n\r\n\r\n   <a href=\"http:\/\/www.epa.gov\/lead\/pubs\/chance.pdf\">Give Your Child the Chance of a Lifetime, Keep Your Child Lead-Safe<\/a><br>\r\n\r\n\r\n\r\n\r\n\r\n   [ <a href=\"http:\/\/www.epa.gov\/lead\/pubs\/chance_span.pdf\">Spanish Version &#8211; Ofr\u00e9zcale a su Ni\u00f1o la Oportunidad de Su Vida. Mant\u00e9ngalo Libre de Plomo<\/a> ]<br>\r\n\r\n\r\n\r\n\r\n\r\n   __________<br>\r\n\r\n\r\n\r\n\r\n\r\n   <br>\r\n\r\n\r\n\r\n\r\n\r\n   <a href=\"http:\/\/www.epa.gov\/opptintr\/lead\/pubs\/chancechecklist.pdf\">Lead Poisoning Home Checklist<\/a><br>\r\n\r\n\r\n\r\n\r\n\r\n   __________<br>\r\n\r\n\r\n\r\n\r\n\r\n   <br>\r\n\r\n\r\n\r\n\r\n\r\n   <a href=\"http:\/\/www.epa.gov\/opptintr\/lead\/pubs\/nutrition.pdf\">Lead and a Healthy Diet<\/a><br>\r\n\r\n\r\n\r\n\r\n\r\n   __________<br>\r\n\r\n\r\n\r\n\r\n\r\n   <br>\r\n\r\n\r\n\r\n\r\n\r\n   <a href=\"http:\/\/www.epa.gov\/lead\/pubs\/fs-discl.pdf\">Disclosure of Lead-Based Paint Hazards in Housing<\/a><br>\r\n\r\n\r\n\r\n\r\n\r\n   __________<br>\r\n\r\n\r\n\r\n\r\n\r\n   <br>\r\n\r\n\r\n\r\n\r\n\r\n   <a href=\"http:\/\/www.epa.gov\/lead\/pubs\/leadrev.pdf\">Lead In Your Home: A Parent\u2019s Reference Guide<\/a><br>\r\n\r\n\r\n\r\n\r\n\r\n   __________<br>\r\n\r\n\r\n\r\n\r\n\r\n   <br>\r\n\r\n\r\n\r\n\r\n\r\n   <a href=\"http:\/\/www.epa.gov\/lead\/pubs\/leadtest.pdf\">Testing Your Home For Lead In Paint, Dust, and Soil<\/a><\/td>\r\n\r\n\r\n\r\n\r\n\r\n  <\/tr>\r\n\r\n\r\n\r\n\r\n\r\n <\/tbody>\r\n\r\n\r\n\r\n\r\n\r\n<\/table>\r\n\r\n\r\n\r\n\r\n\r\n  <!--[END]-->\r\n\r\n\r\n  \r\n\r\n\r\n      <\/div>\r\n\r\n\r\n    <\/div>\r\n\r\n\r\n  <\/div><!-- \/container -->\r\n\r\n\r\n<\/div>","protected":false},"excerpt":{"rendered":"<p>Listen Lead Information &#8211; Parents and Caregivers Public Health Menu Home About About DPH Sections &#038; Programs Office Locations Contact Info Calendar Services A-Z Services Air &#038; Water Quality Birth, Death, &#038; Marriage Records Clinics Health Data &#038; Statistics Emergency Preparedness Health &#038; Wellness Healthy Homes Healthy Workplaces Laboratory Restaurant Inspections Screening and Testing WIC [&hellip;]<\/p>\n","protected":false},"author":8,"featured_media":0,"parent":9779,"menu_order":0,"comment_status":"closed","ping_status":"closed","template":"","meta":{"_acf_changed":false,"inline_featured_image":false,"footnotes":""},"class_list":["post-9839","page","type-page","status-publish","hentry"],"acf":[],"_links":{"self":[{"href":"https:\/\/dhss.delaware.gov\/dph\/wp-json\/wp\/v2\/pages\/9839","targetHints":{"allow":["GET"]}}],"collection":[{"href":"https:\/\/dhss.delaware.gov\/dph\/wp-json\/wp\/v2\/pages"}],"about":[{"href":"https:\/\/dhss.delaware.gov\/dph\/wp-json\/wp\/v2\/types\/page"}],"author":[{"embeddable":true,"href":"https:\/\/dhss.delaware.gov\/dph\/wp-json\/wp\/v2\/users\/8"}],"replies":[{"embeddable":true,"href":"https:\/\/dhss.delaware.gov\/dph\/wp-json\/wp\/v2\/comments?post=9839"}],"version-history":[{"count":2,"href":"https:\/\/dhss.delaware.gov\/dph\/wp-json\/wp\/v2\/pages\/9839\/revisions"}],"predecessor-version":[{"id":11815,"href":"https:\/\/dhss.delaware.gov\/dph\/wp-json\/wp\/v2\/pages\/9839\/revisions\/11815"}],"up":[{"embeddable":true,"href":"https:\/\/dhss.delaware.gov\/dph\/wp-json\/wp\/v2\/pages\/9779"}],"wp:attachment":[{"href":"https:\/\/dhss.delaware.gov\/dph\/wp-json\/wp\/v2\/media?parent=9839"}],"curies":[{"name":"wp","href":"https:\/\/api.w.org\/{rel}","templated":true}]}}