{"id":686,"date":"2025-02-24T15:21:11","date_gmt":"2025-02-24T15:21:11","guid":{"rendered":"https:\/\/dhss.delaware.gov\/dsaapd\/publica\/"},"modified":"2025-02-24T15:21:11","modified_gmt":"2025-02-24T15:21:11","slug":"publica","status":"publish","type":"page","link":"https:\/\/dhss.delaware.gov\/dsaapd\/publica\/","title":{"rendered":"publica ~  DSAAPD: Publications and Forms  &#8211; Delaware Health and Social Services &#8211; State of Delaware"},"content":{"rendered":"<div data-swiftype-index=\"true\">\n\n\n\n\n\n  <br>\n\n\n  \n\n\n  <div class=\"container\" id=\"main_header\"> <!-- BEGIN readspeaker div -->\n\n\n    <div class=\"rs_skip rsbtn rs_preserve\" id=\"readspeaker_button1\">\n\n\n      <a accesskey=\"L\" class=\"rsbtn_play\" href=\"https:\/\/app-na.readspeaker.com\/cgi-bin\/rsent?customerid=7262&#038;lang=en_us&#038;readid=main_content&#038;url=https:\/\/dhss.delaware.gov\/dsaapd\/publica.html\" title=\"Listen to this page using ReadSpeaker\">\n\n\n        <span class=\"rsbtn_left rsimg rspart\"><span class=\"rsbtn_text\"><span>Listen<\/span><\/span><\/span>\n\n\n        <span class=\"rsbtn_right rsimg rsplay rspart\"><\/span>\n\n\n      <\/a>\n\n\n    <\/div>\n\n\n    <!-- END readspeaker div -->\n\n\n\n\n\n    \n\n\n    \n\n\n    \n\n\n    <header class=\"pull-left\">\n\n\n      <h1><!--[type=EDIT name=\"Page Title\"]-->Publications and Forms<!--[END]--><\/h1>\n\n\n    <\/header>\n\n\n  <\/div><br>\n\n\n \n\n\n  <div class=\"container\">\n\n\n    <div class=\"row\">\n\n\n      <div class=\"col-md-3\" id=\"leftCol\">\n\n\n        <div class=\"panel-group\" id=\"accordion\">\n\n\n          <div class=\"panel sectionmenu_panel\">\n\n\n            <div class=\"panel-heading\">\n\n\n              <p class=\"panel-title\"><a class=\"agency_nav\" data-parent=\"#accordion\" data-toggle=\"collapse\" href=\"#collapseOne\"><strong><i class=\"fa fa-align-justify fa-fw\"><\/i> Services for Aging and Adults with Physical Disabilities Menu<\/strong><\/a><\/p>\n\n\n            <\/div>\n\n\n\n\n\n            <div class=\"panel-collapse collapse in\" id=\"collapseOne\">\n\n\n              <div class=\"panel-body\" id=\"clf_nav\">\n\n\n                  <ul class=\"nav nav-stacked nav-pills-clf\" id=\"agency_sidebar\">\n    <li><a href=\"\/dsaapd\/\"><h2>Home <i class=\"fa fa-home fa-fw\"><\/i><\/h2><\/a><\/li>\n    <li class=\"toplevel\"><a data-parent=\"#agency_sidebar\" data-toggle=\"collapse\" href=\"#HomeMenu\"><h2>About <i class=\"fa fa-caret-right fa-fw\"><\/i><\/h2><\/a>\n    <ul class=\"panel-collapse collapse\" id=\"HomeMenu\">\n    <li>\n      <a href=\"\/dsaapd\/agency.html\">About DSAAPD<\/a>\n    <\/li>\n    <li>\n      <a href=\"\/dsaapd\/contact.html\">Contact Information<\/a>\n    <\/li>\n    <li>\n      <a href=\"\/dsaapd\/faq.html\">FAQs<\/a>\n    <\/li>\n    <li>\n      <a href=\"\/dsaapd\/links.html\">Useful Links<\/a>\n    <\/li>\n  <\/ul><\/li>\n    <li class=\"toplevel\"><a data-parent=\"#sidebar\" data-toggle=\"collapse\" href=\"#ServicesMenu\"><h2>Services <i class=\"fa fa-caret-right fa-fw\"><\/i><\/h2><\/a>\n    <ul class=\"panel-collapse collapse\" id=\"ServicesMenu\">  \n         <li>\n      <a href=\"\/dsaapd\/aps.html\">Adult Protective Services<\/a>\n    <\/li>\n    <li>\n      <a href=\"\/dsaapd\/services.html\">All Services<\/a>\n    <\/li>\n    <li>\n      <a href=\"\/dsaapd\/caregivers_assistance.html\">Assistance for Caregivers<\/a>\n    <\/li>\n    <li>\n      <a href=\"\/dsaapd\/home_communitybased_services.html\">Home and Community-Based Services<\/a>\n    <\/li>\n    <li>\n      <a href=\"\/dsaapd\/information_support.html\">Information and Supports<\/a>\n    <\/li>\n    <li>\n      <a href=\"\/dsaapd\/residential_care.html\">Residential Care<\/a>\n    <\/li>\n    <li>\n      <a href=\"\/dsaapd\/rights_protections.html\">Rights and Protections<\/a>\n    <\/li>\n  <\/ul><\/li>\n    <li class=\"toplevel\"><a data-parent=\"#sidebar\" data-toggle=\"collapse\" href=\"#InformationMenu\"><h2>Information <i class=\"fa fa-caret-right fa-fw\"><\/i><\/h2><\/a>\n    <ul class=\"panel-collapse collapse\" id=\"InformationMenu\">\n      \n       <li>\n      <a href=\"\/dsaapd\/abuseneglectandexploitation.html\">Abuse, Neglect and Exploitation<\/a>\n    <\/li>\n            \n    <li>\n      <a href=\"\/dsaapd\/advance.html\">Advance Directives<\/a>\n    <\/li>\n    <li>\n      <a href=\"\/dsaapd\/alzheimers_toolkit.html\">Alzheimer&#8217;s Toolkit <\/a>\n    <\/li>\n    <li>\n      <a href=\"\/dsaapd\/headinj.html\">Brain Injury and Coma<\/a>\n    <\/li>\n    <li>\n      <a href=\"\/dsaapd\/caregive.html\">Caregiver Information<\/a>\n    <\/li>\n    <li>\n      <a href=\"\/dsaapd\/demogr.html\">Demographic Information<\/a>\n    <\/li>\n    <li>\n      <a href=\"\/dsaapd\/emergencyprep.html\">Emergency Preparedness<\/a>\n    <\/li>\n    <li>\n      <a href=\"\/dsaapd\/health.html\">Health and Wellness<\/a>\n    <\/li>\n    <li>\n      <a href=\"\/dsaapd\/espanol.html\">Informaci\u00f3n en Espa\u00f1ol <\/a>\n    <\/li>\n    <li>\n      <a href=\"\/dsaapd\/professi.html\">Information for Professionals<\/a>\n    <\/li>\n    <li>\n      <a href=\"\/dsaapd\/laws_and_regulations.html\">Laws and Regulations<\/a>\n    <\/li>\n    <li>\n      <a href=\"\/dsaapd\/medicare_fraud.html\"> Medicare Fraud <\/a>\n    <\/li>\n    <li>\n      <a href=\"\/dsaapd\/publica.html\">Publications and Forms<\/a>\n    <\/li>\n    <li>\n      <a href=\"\/dsaapd\/state_ltc_facilities.html\">State-Run Long Term Care Facilities <\/a>\n    <\/li>\n    <li>\n      <a href=\"\/dsaapd\/volopp.html\">Volunteer Opportunities<\/a>\n    <\/li>\n  <\/ul><\/li>\n<!--    <li><a id=\"SocialMenuHeader\"><h2>Connect <i class=\"fa fa-thumbs-o-up fa-fw\"><\/i><\/h2><\/a>\n  <ul id=\"SocialMenu\">\n    <li class=\"facebook\"><a href=\"https:\/\/www.facebook.com\/DEPublicHealth\" title=\"Division of Public Health Facebook Page\" target=\"_blank\"><i class=\"fa fa-facebook-square fa-lg\"><\/i> Facebook<\/a><\/li>\n    <li class=\"twitter\"><a href=\"https:\/\/twitter.com\/Delaware_DHSS\" title=\"Delaware Health and Social Services Twitter Account\" target=\"_blank\"><i class=\"fa fa-twitter-square fa-lg\"><\/i> Twitter<\/a><\/li>\n    <li class=\"googleplus\"><a href=\"#\"><i class=\"fa fa-google-plus-square fa-lg\"><\/i> Google +<\/a><\/li>\n    <li class=\"flickr\"><a href=\"#\"><i class=\"fa fa-flickr fa-lg\"><\/i> Flickr<\/a><\/li>\n    <li class=\"youtube\"><a href=\"#\"><i class=\"fa fa-youtube-square fa-lg\"><\/i> Youtube<\/a><\/li>\n    <li class=\"instagram\"><a href=\"#\"><i class=\"fa fa-instagram fa-lg\"><\/i> Instagram<\/a><\/li>\n    <li class=\"linkedin\"><a href=\"#\"><i class=\"fa fa-linkedin-square fa-lg\"><\/i> Linkedin<\/a><\/li>\n    <li class=\"pinterest\"><a href=\"#\"><i class=\"fa fa-pinterest-square fa-lg\"><\/i> Pinterest<\/a><\/li>\n  <\/ul>\n<\/li>  -->\n<\/ul>\n\n\n\n\n\n              <\/div>\n\n\n            <\/div>\n\n\n          <\/div>\n\n\n        <\/div><br>\n\n\n      <\/div>\n\n\n\n\n\n      <div class=\"col-md-9\" id=\"main_content\"> \n\n\n  <!--[type=HTMLEDIT name=\"Content\"]-->\n\n\n<p>The Division of Services for Aging and Physical Disabilities (DSAAPD) has developed publications on a variety of topics. The publications are available here in PDF format. (Older publications are also presented in text-only format\u00a0for visitors who use\u00a0accessibility devices.)<\/p>\n\n\n\n\n\n\n\n<p>If you have questions about how to access these documents, please visit the <a href=\"publications_help.html\">Help with Downloading DSAAPD Publications<\/a> page .<\/p>\n\n\n\n\n\n\n\n<h2>Guide Books\/Directories<\/h2>\n\n\n\n\n\n\n\n<ul>\n\n\n\n <li><a href=\"\/wp-content\/uploads\/sites\/2\/dsaapd\/pdf\/aging_and_disabilities_guide.pdf\">Guide to Services for Older Delawareans and Persons with Disabilities<\/a><\/li>\n\n\n\n <li><a href=\"\/wp-content\/uploads\/sites\/2\/dsaapd\/pdf\/aging_and_disabilities_guide_spanish.pdf\">Gu\u00eda de Servicios para Personas Mayores en Delaware y Personas con Impedimentos<\/a><\/li>\n\n\n\n <li><a href=\"\/wp-content\/uploads\/sites\/2\/dsaapd\/pdf\/coma_guide.pdf\">Coma Guide for Caregivers<\/a><\/li>\n\n\n\n<\/ul>\n\n\n\n\n\n\n\n<h2>Advance Directives\/Living Wills<\/h2>\n\n\n\n\n\n\n\n<ul>\n\n\n\n <li><a href=\"\/wp-content\/uploads\/sites\/2\/dsaapd\/pdf\/advancedirective.pdf\">Delaware&#8217;s Advance Health Care Directive Form<\/a><\/li>\n\n\n\n <li><a href=\"\/wp-content\/uploads\/sites\/2\/dsaapd\/pdf\/advance_directive_spanish.pdf\">Directrices Anticipadas de Asistencia M\u00e9dica<\/a><\/li>\n\n\n\n <li><a href=\"\/wp-content\/uploads\/sites\/2\/dsaapd\/pdf\/advance_directive_information.pdf\">Advance Health Care Directive Information<\/a><\/li>\n\n\n\n <li><a href=\"\/wp-content\/uploads\/sites\/2\/dsaapd\/pdf\/advance_directive_information_spanish.pdf\">Informaci\u00f3n Sobre la Directiva Anticipada para la Atenci\u00f3n M\u00e9dica<\/a><br>\n\n\n\n (For more information about Delaware&#8217;s Advance Health Care Directive Form, please <a href=\"advance.html\">visit the Advance Directives\/Living Wills section<\/a> of this web site.)<\/li>\n\n\n\n<\/ul>\n\n\n\n\n\n\n\n<h2>Long Term Care Information<\/h2>\n\n\n\n\n\n\n\n<ul>\n\n\n\n <li><a href=\"\/wp-content\/uploads\/sites\/2\/dsaapd\/pdf\/volunteer_ombudsman_brochure.pdf\">Volunteer Ombudsman Program<\/a><\/li>\n\n\n\n <li><a href=\"\/wp-content\/uploads\/sites\/2\/dsaapd\/pdf\/community_ombudsman_brochure.pdf\">Home and Community-Based Services Ombudsman Program<\/a><\/li>\n\n\n\n <li><a href=\"\/wp-content\/uploads\/sites\/2\/dsaapd\/pdf\/delaware_cares.pdf\">Delaware Cares About Your Well-Being<\/a><\/li>\n\n\n\n <li><a href=\"\/wp-content\/uploads\/sites\/2\/dsaapd\/pdf\/you_have_rights.pdf\">Residents You Have Rights!<\/a><\/li>\n\n\n\n <li><a href=\"\/wp-content\/uploads\/sites\/2\/dsaapd\/pdf\/tiene_derechos.pdf\">Usted Tiene Derechos<\/a><\/li>\n\n\n\n <li><a href=\"\/wp-content\/uploads\/sites\/2\/dsaapd\/pdf\/ombudsman_annual_report_04.pdf\">Long Term Care Ombudsman Program Annual Report, 2004<\/a><\/li>\n\n\n\n <li><a href=\"\/wp-content\/uploads\/sites\/2\/dsaapd\/pdf\/ombudsman_annual_report_05.pdf\">Long Term Care Ombudsman Program Annual Report, 2005<\/a><\/li>\n\n\n\n <li><a href=\"\/wp-content\/uploads\/sites\/2\/dsaapd\/pdf\/ombudsman_annual_report_06.pdf\">Long Term Care Ombudsman Program Annual Report, 2006<\/a><\/li>\n\n\n\n <li><a href=\"\/wp-content\/uploads\/sites\/2\/dsaapd\/pdf\/ombudsman_annual_report_07.pdf\">Long Term Care Ombudsman Program Annual Report, 2007<\/a><\/li>\n\n\n\n <li><a href=\"\/wp-content\/uploads\/sites\/2\/dsaapd\/pdf\/ombudsman_annual_report_08.pdf\">Long Term Care Ombudsman Program Annual Report, 2008<\/a><\/li>\n\n\n\n <li><a href=\"\/wp-content\/uploads\/sites\/2\/dsaapd\/pdf\/ombudsman_annual_report_09.pdf\">Long Term Care Ombudsman Program Annual Report, 2009<\/a><\/li>\n\n\n\n <li><a href=\"\/wp-content\/uploads\/sites\/2\/dsaapd\/pdf\/ombudsman_annual_report_10.pdf\">Long Term Care Ombudsman Program Annual Report, 2010<\/a><\/li>\n\n\n\n <li><a href=\"\/wp-content\/uploads\/sites\/2\/dsaapd\/pdf\/ombudsman_annual_report_11.pdf\">Long Term Care Ombudsman Program Annual Report, 2011<\/a><\/li>\n\n\n\n <li><a href=\"\/wp-content\/uploads\/sites\/2\/dsaapd\/pdf\/ombudsman_annual_report_12.pdf\">Long Term Care Ombudsman Program Annual Report, 2012<\/a><\/li>\n\n\n\n <li><a href=\"\/wp-content\/uploads\/sites\/2\/dsaapd\/pdf\/ombudsman_annual_report_13.pdf\">Long Term Care Ombudsman Program Annual Report, 2013<\/a><\/li>\n\n\n\n<\/ul>\n\n\n\n\n\n\n\n<h2>Fraud, Abuse, Exploitation Information<\/h2>\n\n\n\n\n\n\n\n<ul>\n\n\n\n <li><a href=\"\/wp-content\/uploads\/sites\/2\/dsaapd\/pdf\/aps_eng_brochure.pdf\"><strong><span style=\"color: rgb(128, 0, 0);\">Adult Protective Services Brochure<\/span><\/strong><\/a><\/li>\n\n\n\n <li><a href=\"\/wp-content\/uploads\/sites\/2\/dsaapd\/pdf\/fin_exploitation_brochure.pdf\"><span style=\"color: rgb(128, 0, 0);\">Adult Protective Services Financial Exploitation Brochure<\/span><\/a><\/li>\n\n\n\n <li><a href=\"\/wp-content\/uploads\/sites\/2\/dsaapd\/pdf\/fin_exploitation_flyer.pdf\"><strong><span style=\"color: rgb(128, 0, 0);\">Adult Protective Services Financial Exploitation Scam Flyer<\/span><\/strong><\/a><\/li>\n\n\n\n <li><a href=\"\/wp-content\/uploads\/sites\/2\/dsaapd\/pdf\/smp_brochure.pdf\">Delaware Senior Medicare Patrol Program<\/a><\/li>\n\n\n\n <li><a href=\"\/wp-content\/uploads\/sites\/2\/dsaapd\/pdf\/smp_volunteer_brochure.pdf\">Delaware Senior Medicare Patrol Program Volunteer Information<\/a><\/li>\n\n\n\n <li><a href=\"\/wp-content\/uploads\/sites\/2\/dsaapd\/pdf\/smp_flyer_english.pdf\">How to Protect Yourself Against\u00a0Medicare Fraud<\/a><\/li>\n\n\n\n <li><a href=\"\/wp-content\/uploads\/sites\/2\/dsaapd\/pdf\/smp_flyer_spanish.pdf\">C\u00f3mo Protegerse del Fraude Contra Su Medicare<\/a><\/li>\n\n\n\n<\/ul>\n\n\n\n\n\n\n\n<h2>Caregiver Information<\/h2>\n\n\n\n\n\n\n\n<ul>\n\n\n\n <li><a href=\"\/wp-content\/uploads\/sites\/2\/dsaapd\/pdf\/crc_flyer.pdf\">Caregiver Resource Center Flyer<\/a><\/li>\n\n\n\n <li><a href=\"\/wp-content\/uploads\/sites\/2\/dsaapd\/pdf\/grand.pdf\">GRAND-Grandparents Raising and Nurturing Dependent Children<\/a><\/li>\n\n\n\n <li><a href=\"\/wp-content\/uploads\/sites\/2\/dsaapd\/pdf\/legal_handbook.pdf\">Delaware&#8217;s Legal Handbook for Grandparents\u00a0and Other Relatives Raising Children<\/a><\/li>\n\n\n\n <li><a href=\"\/wp-content\/uploads\/sites\/2\/dsaapd\/pdf\/services_for_grandparents.pdf\">State Services for Grandparents and Relative Caregivers Raising Others&#8217; Children<\/a><\/li>\n\n\n\n <li><a href=\"\/wp-content\/uploads\/sites\/2\/dsaapd\/pdf\/servicios_para_abuelos.pdf\">Servicios del estado disponibles para los abuelos y para los familiares que crian a los hijos de otras personas<\/a><\/li>\n\n\n\n <li><a href=\"\/wp-content\/uploads\/sites\/2\/dsaapd\/pdf\/medical_affidavit.pdf\">Relative\u00a0Caregiver&#8217;s Medical Authorization Affidavit<\/a><br>\n\n\n\n &#8211;\u00a0<a href=\"\/wp-content\/uploads\/sites\/2\/dsaapd\/txt\/medical_affidavit.txt\">Text-Only Version of Relative Caregiver&#8217;s Medical Authorization Affidavit<\/a><\/li>\n\n\n\n <li><a href=\"\/wp-content\/uploads\/sites\/2\/dsaapd\/pdf\/school_affidavit.pdf\">Relative Caregivers&#8217; School Authorization Affidavit<\/a><\/li>\n\n\n\n <li><a href=\"\/wp-content\/uploads\/sites\/2\/dsaapd\/pdf\/spanish_medical_affidavit.pdf\">Afid\u00e1vit De Autorizaci\u00f3n M\u00e9dica Para Cuidadores Familiares<\/a><\/li>\n\n\n\n <li><a href=\"\/wp-content\/uploads\/sites\/2\/dsaapd\/pdf\/spanish_school_affidavit.pdf\">Afid\u00e1vit Para la Autorizaci\u00f3n Escolar Para Cuidadores Familiares<\/a><\/li>\n\n\n\n<\/ul>\n\n\n\n\n\n\n\n<h2>General\u00a0Program Information<\/h2>\n\n\n\n\n\n\n\n<ul>\n\n\n\n <li><a href=\"\/wp-content\/uploads\/sites\/2\/dsaapd\/pdf\/adrc_brochure.pdf\">Aging and Disability Resource Center (ADRC) Brochure<\/a><\/li>\n\n\n\n <li><a href=\"\/wp-content\/uploads\/sites\/2\/dsaapd\/pdf\/adrc_brochure_spanish.pdf\">Folleto del Aging and Disability Resource Center (ADRC)<\/a><\/li>\n\n\n\n <li><a href=\"\/wp-content\/uploads\/sites\/2\/dsaapd\/pdf\/dsaapd_brochure_with_inserts.pdf\">Caring Today. Preparing for Tomorrow: Division of Services for Aging and Adults with Physical Disabilities<\/a><\/li>\n\n\n\n<\/ul>\n\n\n\n\n\n\n\n<h2>Plans and Other Documents<\/h2>\n\n\n\n\n\n\n\n<ul>\n\n\n\n <li><a href=\"\/wp-content\/uploads\/sites\/2\/dsaapd\/pdf\/caregiver_support_blueprint.pdf\">Caregiver Support Blueprint for Delaware<\/a><\/li>\n\n\n\n <li><a href=\"\/wp-content\/uploads\/sites\/2\/dsaapd\/pdf\/alzheimers_plan.pdf\">State Plan to Address Alzheimer\u2019s Disease and Related Disorders<\/a><\/li>\n\n\n\n <li><a href=\"\/wp-content\/uploads\/sites\/2\/dsaapd\/pdf\/state_plan_on_aging_20_24.pdf\">State Plan on Aging October 1, 2020 to September 30, 2024<\/a><\/li>\n\n\n\n <li><a href=\"\/wp-content\/uploads\/sites\/2\/dsaapd\/pdf\/employment_plan_2016.pdf\">Senior Community Service Employment Program State Plan &#8211; Program Years 2016 to 2020<\/a><\/li>\n\n\n\n <li><a href=\"\/wp-content\/uploads\/sites\/2\/dsaapd\/pdf\/employment_plan_2020.pdf\">Senior Community Service Employment Program State Plan &#8211; Program Years 2020-2024<\/a><\/li>\n\n\n\n<\/ul>\n\n\n\n  <!--[END]-->\n\n\n  \n\n\n      <\/div>\n\n\n    <\/div>\n\n\n  <\/div><!-- \/container -->\n\n\n<\/div>","protected":false},"excerpt":{"rendered":"<p>Listen Publications and Forms Services for Aging and Adults with Physical Disabilities Menu Home About About DSAAPD Contact Information FAQs Useful Links Services Adult Protective Services All Services Assistance for Caregivers Home and Community-Based Services Information and Supports Residential Care Rights and Protections Information Abuse, Neglect and Exploitation Advance Directives Alzheimer&#8217;s Toolkit Brain Injury and [&hellip;]<\/p>\n","protected":false},"author":8,"featured_media":0,"parent":0,"menu_order":0,"comment_status":"closed","ping_status":"closed","template":"","meta":{"_acf_changed":false,"inline_featured_image":false,"footnotes":""},"class_list":["post-686","page","type-page","status-publish","hentry"],"acf":[],"_links":{"self":[{"href":"https:\/\/dhss.delaware.gov\/dsaapd\/wp-json\/wp\/v2\/pages\/686","targetHints":{"allow":["GET"]}}],"collection":[{"href":"https:\/\/dhss.delaware.gov\/dsaapd\/wp-json\/wp\/v2\/pages"}],"about":[{"href":"https:\/\/dhss.delaware.gov\/dsaapd\/wp-json\/wp\/v2\/types\/page"}],"author":[{"embeddable":true,"href":"https:\/\/dhss.delaware.gov\/dsaapd\/wp-json\/wp\/v2\/users\/8"}],"replies":[{"embeddable":true,"href":"https:\/\/dhss.delaware.gov\/dsaapd\/wp-json\/wp\/v2\/comments?post=686"}],"version-history":[{"count":0,"href":"https:\/\/dhss.delaware.gov\/dsaapd\/wp-json\/wp\/v2\/pages\/686\/revisions"}],"wp:attachment":[{"href":"https:\/\/dhss.delaware.gov\/dsaapd\/wp-json\/wp\/v2\/media?parent=686"}],"curies":[{"name":"wp","href":"https:\/\/api.w.org\/{rel}","templated":true}]}}